ighest common factor of s and v?
8
Let a be (4/(-6))/((-2)/108). Let g = 4 - 4. Suppose g = -3*d + 12. What is the highest common divisor of d and a?
4
Let p = 3 - 0. Suppose -21 + 66 = p*z - u, z = -u + 19. What is the greatest common factor of 176 and z?
16
Let j be (-5)/(-3) - 1/(-3). Suppose 16 = j*o + 2*z, 10*o + 3*z = 5*o + 36. Let r be ((-22)/(-4))/(3/o). Calculate the greatest common factor of 88 and r.
11
Suppose -4*g + 342 = 2*g. What is the greatest common divisor of 38 and g?
19
Let i(g) = g**3 + 10*g**2 - 15*g - 15. Let m be i(-11). Calculate the highest common factor of m and 29.
29
Let w be 2*(1 - 2)*-1. Let i be w*(61 + (-1 - 0)). Suppose 0 = r - 3*r + i. Calculate the highest common factor of 15 and r.
15
Let a = 80 + -71. Calculate the greatest common factor of 99 and a.
9
Let c(u) = -u**3 + 8*u**2 + 9*u + 2. Let j be c(9). Calculate the highest common factor of j and 13.
1
Suppose -f - 713 = -5*m, 0*m + 145 = m + f. What is the greatest common factor of m and 13?
13
Let v(g) = g + 12. Let o be (15/10)/((-1)/4). Let w be v(o). Suppose -c = 2 - w. What is the highest common divisor of c and 12?
4
Let j = -6 + 20. What is the highest common factor of 112 and j?
14
Let j(f) = 5*f**2 - 27*f + 4. Let i be j(6). Calculate the highest common factor of i and 55.
11
Let g = -8 - -8. Let i = 34 + g. Let j = 29 - -22. What is the highest common divisor of j and i?
17
Let t = -8 - -5. Let p = -1 - t. Calculate the highest common divisor of 6 and p.
2
Let g be ((-40)/(-5))/((-2)/(-8)). Suppose 41 = 5*f - m, -f + 18 = f - 2*m. Calculate the greatest common factor of f and g.
8
Let p be 2*(1 - 0) - 2. Let v(s) = -s + s**2 - 2*s - 10 + p*s**2. Let c be v(8). Calculate the greatest common divisor of 12 and c.
6
Let s = 52 - 34. What is the highest common divisor of s and 18?
18
Suppose 5*u = 7*u - 14. What is the greatest common factor of 77 and u?
7
Let v be (-63)/(-45) - 3/(-5). Suppose 0 = v*i - 136 + 28. What is the greatest common divisor of 6 and i?
6
Let n be 2/5 - (-52)/20. Suppose 85 = 2*y + n*y. Calculate the highest common factor of 119 and y.
17
Let w be -1 + 2/(-2) + 21/3. Calculate the highest common divisor of 55 and w.
5
Suppose 155 = 6*i - i. What is the greatest common divisor of i and 93?
31
Let z be -67*(-1)/2*-4. Let w be 9 + -7 - 61*1. Let v = w - z. What is the greatest common factor of v and 30?
15
Let p be -3 - ((-30)/3 - -3). Suppose p*l - s - 19 = 2*s, 2*s = 4*l - 22. What is the greatest common divisor of l and 7?
7
Suppose 4*q - 1 = 39. Suppose u + 0*u - 2 = 0. What is the greatest common factor of q and u?
2
Suppose -4*f - 6 = -7*f + 3*p, -2*f + 5*p - 5 = 0. Suppose 4*z + f*w - 324 = 3*w, z = -2*w + 81. Calculate the greatest common divisor of z and 9.
9
Suppose 4*i + 2*f = 66, 0*i + 5*f = -3*i + 67. Suppose -b = -i + 4. Calculate the greatest common factor of b and 5.
5
Let t = -82 + 177. What is the highest common divisor of 38 and t?
19
Let q = 4 + 2. Suppose -2*v - 2*v = -3*x + 13, 0 = 5*x - 4*v - 11. Let s = 7 + x. Calculate the highest common divisor of s and q.
6
Let r be 27 + (-2)/(-1 + 0). Suppose 0 = s + g - 6, -r = -0*s - 4*s + g. What is the greatest common factor of 7 and s?
7
Suppose g + 5*k = 4*k + 69, 5*k + 215 = 3*g. What is the greatest common factor of 14 and g?
14
Suppose 5*d - 12 = 3*t + 92, -3*d - 2*t = -51. Let j = d - 7. Calculate the highest common divisor of 3 and j.
3
Let y(t) = -t**2 + 8*t - 3. Let w be y(3). Let l be w*(0 - (-1)/3). Calculate the highest common factor of 10 and l.
2
Let p be 2 - 18*(12/(-4) + 2). What is the highest common divisor of p and 20?
20
Suppose 4*q = -o + 28, -28 = -2*o - 5*q + 13. What is the highest common factor of 24 and o?
8
Let y = 100 + -97. What is the highest common factor of 3 and y?
3
Let l(r) = r + 6. Let s be l(8). Let b = 7 + s. What is the highest common divisor of b and 7?
7
Let s be 29/3 - 16/24. Calculate the highest common factor of s and 99.
9
Let q(g) = g**3 + 10*g**2 + 4*g - 3. Let c be q(-9). Let d = 4 - 4. Let p be 0 + (d - -126)/2. What is the highest common divisor of c and p?
21
Let j = -114 + 54. Let o = -42 - j. What is the greatest common factor of o and 6?
6
Let k(f) be the second derivative of f**4/12 + f**3/3 + 3*f**2/2 + 6*f. Let m be k(-3). What is the greatest common factor of m and 42?
6
Suppose -a - 1 = -3*z + 14, -6 = -2*z + 2*a. Suppose -19 = -5*t + z. Calculate the highest common divisor of t and 10.
5
Suppose -2*u = -13 - 11. What is the greatest common factor of 72 and u?
12
Let a(o) be the second derivative of 7*o**5/20 + o**4/12 - o**3/3 + o**2/2 - 3*o. Let y be a(1). What is the greatest common factor of 35 and y?
7
Let a = -7 + 7. Suppose -8 + a = -s. What is the highest common divisor of s and 32?
8
Let r be 2/7 - (-500)/14. What is the greatest common divisor of r and 72?
36
Suppose -9*f + 1403 = 269. Calculate the greatest common factor of f and 14.
14
Suppose c - 4*d = d + 190, 5*d = -c + 140. What is the highest common divisor of 15 and c?
15
Let b(h) = -h**2 - 5*h + 6. Let s be b(-3). Let d = 16 - s. What is the highest common factor of 6 and d?
2
Let i = 75 + -50. Let v = 19 - 14. What is the greatest common factor of i and v?
5
Let u = 97 - 136. Let d = u - -89. Let x = 5 + 15. Calculate the highest common factor of x and d.
10
Let s be (-3 - -6)*(4 + -3). Let m = 2 - -3. Suppose b - 14 = -4*n, 4*n + 7 = m*b + s*n. Calculate the greatest common divisor of 16 and b.
2
Let m(u) = u**2 + 2*u - 8. Let q be m(6). Let t(a) = -2*a. Let g be t(-4). What is the highest common divisor of g and q?
8
Let s(v) = -v**3 + 5*v**2 + 5*v - 2. Let b be s(5). What is the greatest common factor of b and 46?
23
Let i be ((-81)/2)/((-27)/36). What is the greatest common divisor of i and 18?
18
Suppose 0*t - 2*s = -5*t + 81, 5*t + 4*s = 63. Suppose 5*n - w + 2*w - 15 = 0, n + w - 3 = 0. What is the highest common factor of n and t?
3
Let r = 42 + 3. Let x = -13 + 22. What is the highest common divisor of r and x?
9
Let b(o) be the first derivative of 23*o**3/3 - o**2/2 + 1. Let r be b(-1). Calculate the greatest common factor of 12 and r.
12
Let k be (16/(-5))/(8/(-100)). Suppose 0 = -h + 5*h - 20. What is the greatest common divisor of k and h?
5
Let p(y) = 29*y - 2. Let i(s) = s + 1. Let f be i(-5). Let z = f + 6. Let w be p(z). Calculate the highest common factor of w and 8.
8
Let c = 25 + -14. Let u = 5 - 20. Let j be (-99)/u*(7 - 2). What is the greatest common divisor of c and j?
11
Suppose 3*w = -2*w + 180. Calculate the highest common divisor of w and 12.
12
Suppose -4*c + 7 + 9 = 0. Suppose 15 + 18 = 3*l. Let n = 23 - l. Calculate the highest common divisor of c and n.
4
Let t(v) = -v**2 - 13*v - 4. Let b be t(-5). Let f(q) = -2*q**2 - 16*q - 2. Let i be f(-7). Calculate the highest common factor of i and b.
12
Suppose -13 = -2*g + 197. Let n be (-10)/(-3)*18/4. Calculate the highest common divisor of n and g.
15
Suppose 5*z = 33 + 47. Suppose -3*w = 3*j - j - 175, 5*j + 3*w - 415 = 0. What is the highest common divisor of z and j?
16
Let d(t) = -65*t - 10. Let i(v) = 22*v + 3. Let s(a) = 3*d(a) + 8*i(a). Let z be s(-6). What is the greatest common divisor of z and 12?
12
Suppose -4*a - 132 = -a. Let t be (5 - -10)*a/(-10). Suppose t + 46 = 2*g + 4*p, 70 = g - 5*p. Calculate the greatest common divisor of 15 and g.
15
Let w(t) = t**3 + t**2 + 20. Let g be w(0). Let a be (8/6)/((-2)/(-45)). What is the greatest common divisor of g and a?
10
Suppose 14 = -3*h + 5*u, -2*h = -6*h + 2*u. Suppose -h*s - 18 = -4*s. Calculate the highest common divisor of s and 36.
9
Let p be ((-6)/(-4))/(3/(-4)). Let n(r) = -2*r**2 - 3*r - 2. Let f be n(-1). Let s be f/(p - (-7)/4). What is the greatest common factor of 12 and s?
4
Let u(i) = i**3 + 5*i**2 - 7*i - 8. Let v be u(-6). Let z be v/4 + (-46)/(-4). Let p = -63 + 140. Calculate the highest common divisor of z and p.
11
Suppose 2 + 12 = 2*j. Calculate the highest common divisor of j and 21.
7
Let v(k) = -16*k**2 - k - 1. Let z be v(-2). Let m be 9/((-3)/z + 0). Calculate the greatest common factor of m and 21.
21
Let i(b) = -b**3 + 8*b**2 + 11*b - 12. Let s be i(9). Calculate the greatest common factor of s and 66.
6
Let h(g) = g**3 + 6*g**2 - 3*g - 2. Let s be h(-6). Let j(t) =